e the prime factors of 172505?
5, 34501
List the prime factors of 8680923.
3, 53, 18199
List the prime factors of 247533.
3, 11, 13, 577
What are the prime factors of 247393?
247393
List the prime factors of 203081.
31, 6551
List the prime factors of 9857721.
3, 31, 105997
List the prime factors of 499351.
29, 67, 257
List the prime factors of 202420.
2, 5, 29, 349
List the prime factors of 386994.
2, 3, 64499
What are the prime factors of 40374?
2, 3, 2243
What are the prime factors of 219023?
7, 67, 467
What are the prime factors of 70699?
19, 61
List the prime factors of 8757477.
3, 41, 293
What are the prime factors of 1463507?
1463507
List the prime factors of 167051.
167051
List the prime factors of 275939.
275939
List the prime factors of 289354.
2, 13, 31, 359
List the prime factors of 208012.
2, 7, 17, 19, 23
What are the prime factors of 531576?
2, 3, 23, 107
List the prime factors of 500323.
41, 12203
What are the prime factors of 450817?
450817
What are the prime factors of 22274?
2, 7, 37, 43
What are the prime factors of 4067849?
23, 149, 1187
List the prime factors of 5440666.
2, 7, 11, 103
What are the prime factors of 19982012?
2, 4995503
What are the prime factors of 3819738?
2, 3, 13, 3767
List the prime factors of 19152673.
29, 43, 15359
What are the prime factors of 176661?
3, 727
What are the prime factors of 11191?
19, 31
List the prime factors of 1875767.
193, 9719
List the prime factors of 328711.
191, 1721
What are the prime factors of 1539734?
2, 7, 109, 1009
What are the prime factors of 1298005?
5, 23, 11287
List the prime factors of 1423739.
53, 26863
What are the prime factors of 10966980?
2, 3, 5, 47, 3889
What are the prime factors of 295201?
295201
List the prime factors of 8196872.
2, 1024609
What are the prime factors of 96324?
2, 3, 23, 349
What are the prime factors of 303223?
89, 3407
List the prime factors of 2547338.
2, 71, 17939
List the prime factors of 417028.
2, 137, 761
List the prime factors of 930444.
2, 3, 17, 4561
List the prime factors of 19247808.
2, 3, 17, 5897
List the prime factors of 2510468.
2, 627617
What are the prime factors of 390826?
2, 195413
What are the prime factors of 6527135?
5, 1305427
What are the prime factors of 337848?
2, 3, 7, 2011
What are the prime factors of 6172403?
59, 233, 449
What are the prime factors of 12708908?
2, 37, 43, 1997
List the prime factors of 672609.
3, 7, 32029
What are the prime factors of 8526307?
19, 23, 109, 179
List the prime factors of 74420.
2, 5, 61
What are the prime factors of 401280?
2, 3, 5, 11, 19
List the prime factors of 22490576.
2, 283, 4967
List the prime factors of 67951.
13, 5227
List the prime factors of 12228946.
2, 6114473
List the prime factors of 20759034.
2, 3, 1483, 2333
What are the prime factors of 641368?
2, 7, 13, 881
List the prime factors of 2776426.
2, 593, 2341
What are the prime factors of 465753?
3, 155251
What are the prime factors of 282482?
2, 141241
List the prime factors of 730621.
137, 5333
What are the prime factors of 2941682?
2, 1470841
List the prime factors of 12433300.
2, 5, 11, 89, 127
List the prime factors of 32870385.
3, 5, 31, 23563
What are the prime factors of 1636714?
2, 131, 6247
What are the prime factors of 366693?
3, 122231
List the prime factors of 9731057.
7, 198593
List the prime factors of 6427831.
6427831
List the prime factors of 18527888.
2, 19, 59, 1033
What are the prime factors of 1865482?
2, 727, 1283
What are the prime factors of 2069561?
13, 397, 401
List the prime factors of 1751948.
2, 11, 29, 1373
List the prime factors of 1390955.
5, 278191
What are the prime factors of 5406916?
2, 41, 32969
List the prime factors of 1562807.
19, 83, 991
What are the prime factors of 4258664?
2, 532333
List the prime factors of 1115875.
5, 79, 113
What are the prime factors of 72200?
2, 5, 19
What are the prime factors of 2918414?
2, 1459207
What are the prime factors of 153070?
2, 5, 15307
What are the prime factors of 106043?
7, 15149
What are the prime factors of 75872?
2, 2371
List the prime factors of 935862.
2, 3, 61, 2557
List the prime factors of 80723.
89, 907
List the prime factors of 5746987.
19, 23, 13151
List the prime factors of 4078373.
13, 313721
What are the prime factors of 1072287?
3, 283, 421
What are the prime factors of 536117?
269, 1993
List the prime factors of 555900.
2, 3, 5, 17, 109
List the prime factors of 1072001.
7, 37, 4139
List the prime factors of 10361008.
2, 7, 79, 1171
What are the prime factors of 571662?
2, 3, 7, 13, 349
List the prime factors of 873506.
2, 19, 127, 181
List the prime factors of 70568.
2, 8821
List the prime factors of 1332266.
2, 13, 51241
List the prime factors of 3826253.
139, 27527
What are the prime factors of 179932?
2, 44983
List the prime factors of 5013.
3, 557
List the prime factors of 3220499.
3220499
List the prime factors of 447607.
157, 2851
What are the prime factors of 399747?
3, 227, 587
List the prime factors of 352853.
352853
List the prime factors of 289382.
2, 257, 563
List the prime factors of 7140764.
2, 23, 77617
What are the prime factors of 7839892?
2, 1959973
What are the prime factors of 83814?
2, 3, 61, 229
What are the prime factors of 4910867?
13, 113, 3343
List the prime factors of 9091692.
2, 3, 71, 3557
What are the prime factors of 154148?
2, 89, 433
List the prime factors of 265502.
2, 132751
What are the prime factors of 822502?
2, 411251
What are the prime factors of 168650?
2, 5, 3373
What are the prime factors of 624929?
19, 31, 1061
What are the prime factors of 2745700?
2, 5, 27457
What are the prime factors of 1467191?
11, 83, 1607
What are the prime factors of 6792002?
2, 7, 71, 6833
List the prime factors of 185533.
185533
List the prime factors of 1453339.
1453339
What are the prime factors of 622676?
2, 17, 9157
List the prime factors of 35220.
2, 3, 5, 587
What are the prime factors of 268243?
17, 31, 509
List the prime factors of 24055.
5, 17, 283
List the prime factors of 2769073.
2769073
List the prime factors of 8550.
2, 3, 5, 19
What are the prime factors of 2675927?
2675927
What are the prime factors of 220627?
11, 31, 647
What are the prime factors of 460646?
2, 139, 1657
List the prime factors of 232781.
17, 13693
What are the prime factors of 22384883?
31, 722093
What are the prime factors of 12768840?
2, 3, 5, 7, 563
List the prime factors of 18622713.
3, 281, 22091
What are the prime factors of 5388336?
2, 3, 12473
List the prime factors of 235003.
235003
What are the prime factors of 875953?
13, 43, 1567
What are the prime factors of 619186?
2, 73, 4241
What are the prime factors of 6057193?
6057193
List the prime factors of 874424.
2, 109303
List the prime factors of 1784534.
2, 892267
List the prime factors of 376283.
376283
What are the prime factors of 1385370?
2, 3, 5, 7, 733
What are the prime factors of 25805?
5, 13, 397
List the prime factors of 22679.
22679
List the prime factors of 472288.
2, 14759
List the prime factors of 657249.
3, 219083
List the prime factors of 1009903.
59, 17117
List the prime factors of 388379.
19, 20441
What are the prime factors of 10655942?
2, 11, 484361
What are the prime factors of 2497828?
2, 29, 61, 353
What are the prime factors of 4685493?
3, 433, 3607
List the prime factors of 1126832.
2, 7, 10061
List the prime factors of 6575874.
2, 3, 1095979
List the prime factors of 76365.
3, 5, 1697
What are the prime factors of 1290697?
157, 8221
What are the prime factors of 164896?
2, 5153
List the prime factors of 21207281.
1619, 13099
List the prime factors of 339470.
2, 5, 83, 409
What are the prime factors of 23636468?
2, 71, 83227
What are the prime factors of 4853018?
2, 19, 127711
List the prime factors of 26776.
2, 3347
List the prime factors of 1207730.
2, 5, 23, 59, 89
What are the prime factors of 6885034?
2, 13, 17, 37, 421
List the prime factors of 6894267.
3, 2298089
What are the prime factors of 48971?
13, 3767
List the prime factors of 12548057.
17, 738121
What are the prime factors of 8963151?
3, 131, 22807
What are the prime factors of 7165892?
2, 1791473
What are the prime factors of 4542852?
2, 3, 378571
List the prime factors of 1883006.
2, 941503
What are the prime factors of 142814?
2, 7, 101
List the prime fact